).
-10
Let o(w) = 8*w**2 + 10*w + 25. Determine o(-5).
175
Let v(a) = -7*a**2 - 84*a + 92. Calculate v(-13).
1
Let m(g) = g**2 - 31*g - 716. What is m(46)?
-26
Let y(d) = -29*d**2 + 29*d - 11. Give y(1).
-11
Let u(w) = 62*w**2 + 806*w + 1. Determine u(-13).
1
Let x(v) = -89*v**2 - 1335*v + 18. Give x(-15).
18
Let y(h) = h**3 + 75*h**2 + 75*h - 76. Determine y(-74).
-150
Let m(d) = 3462*d + 4. Calculate m(0).
4
Let d(a) = 53*a**2 + 17109*a - 3230. Determine d(-323).
0
Let f(h) = 2589*h - 7762. Calculate f(3).
5
Let u(r) = -2*r**3 - 171*r**2 - 573*r + 60. Calculate u(-82).
-22
Let k(y) = y**2 + 37*y + 253. What is k(-27)?
-17
Let k(s) = 229*s - 2981. Determine k(13).
-4
Let b(t) = -62*t - 17. Calculate b(6).
-389
Let y(f) = -8*f**2 + 203*f + 17. Calculate y(26).
-113
Let v(p) = p**2 + 41*p + 90. Determine v(-28).
-274
Let p(x) = 27*x - 362. Give p(4).
-254
Let z(n) = 1992*n + 13963. Calculate z(-7).
19
Let i(v) = -149*v**2 - 2*v. Determine i(-1).
-147
Let t(a) = 15*a**3 - 1349*a**2 - 92*a + 90. Determine t(90).
-90
Let x(l) = -29*l - 876. Determine x(-30).
-6
Let w(a) = 64*a - 38. What is w(4)?
218
Let v(q) = -25*q - 37. What is v(5)?
-162
Let o(s) = -7*s - 354. Give o(-28).
-158
Let t(x) = -1971*x + 94625. Determine t(48).
17
Let b(j) = 12*j**3 - 2*j**2 - 3*j - 1. Give b(-1).
-12
Let v(l) = l**3 - 8*l**2 + 7*l - 141. Determine v(10).
129
Let s(g) = -55*g + 290. What is s(8)?
-150
Let d(c) = -33*c + 185. What is d(6)?
-13
Let g(c) = -c**2 - 14*c - 11. Give g(-5).
34
Let v(g) = g**3 - 49*g**2 - 57*g + 385. Calculate v(50).
35
Let o(r) = 245*r + 969. Determine o(-4).
-11
Let i(l) = 2*l**2 - 125*l + 136. Give i(61).
-47
Let c(x) = -x**3 - 14*x**2 + 2*x - 37. Calculate c(0).
-37
Let t(j) = -11*j**2 + 19. Calculate t(2).
-25
Let t(n) = -9*n + 63. What is t(-4)?
99
Let n(a) = -4*a**3 - 56*a**2 + 20*a - 215. Calculate n(-15).
385
Let z(q) = -2*q**3 - 73*q**2 + 32*q - 95. What is z(-37)?
90
Let f(d) = d**3 + 30*d**2 + 93*d - 57. Calculate f(-27).
-381
Let v(h) = -h**3 - 53*h**2 - 287*h - 263. Determine v(-47).
-28
Let f(v) = -v**3 - 12*v**2 - 27*v - 64. Determine f(-10).
6
Let k(a) = -538*a - 16137. Determine k(-30).
3
Let y(c) = -75*c + 8546. Determine y(114).
-4
Let u(l) = l**2 - 29*l + 94. Determine u(25).
-6
Let c(w) = 6028*w + 18106. Calculate c(-3).
22
Let h(w) = -w**3 - 7*w**2 - 16*w - 16. Give h(-4).
0
Let v(c) = c**2 - 22*c - 54. Give v(25).
21
Let r(t) = 29*t**2 - 111*t - 5. Give r(4).
15
Let a(t) = -t**3 + 103*t**2 + 316*t + 4. Give a(-3).
10
Let b(z) = 21*z**2 + 22*z - 50. What is b(2)?
78
Let c(z) = -2*z**2 + 23*z - 64. Calculate c(7).
-1
Let m(u) = -67*u - 2615. Calculate m(-40).
65
Let v(x) = -805*x + 16887. What is v(21)?
-18
Let o(n) = -n**3 + n**2 + 77*n + 417. What is o(-7)?
270
Let q(o) = -407*o - 415. Determine q(-1).
-8
Let p(i) = -16*i + 334. Calculate p(22).
-18
Let f(j) = -j**3 + 18*j**2 + 47*j - 1095. Calculate f(17).
-7
Let a(j) = 2*j**3 - 64*j**2 - 22*j + 636. Give a(32).
-68
Let y(t) = 882*t + 25569. Calculate y(-29).
-9
Let m(f) = 7*f + 560. What is m(-69)?
77
Let h(o) = -148*o**2 + 2234*o - 213. Give h(15).
-3
Let s(m) = -m**3 - 103*m**2 - 93*m + 919. Calculate s(-102).
1
Let j(m) = m**3 - 16*m**2 - 53*m - 79. Calculate j(19).
-3
Let u(n) = n**2 + 53*n + 193. What is u(-49)?
-3
Let t(w) = -w**2 - 17*w - 34. Determine t(-12).
26
Let a(i) = 2*i**3 + 35*i**2 - 20*i - 49. What is a(-18)?
-13
Let u(t) = 2*t**3 + 49*t**2 - 79*t + 34. What is u(-26)?
60
Let u(i) = -50*i + 3106. What is u(63)?
-44
Let f(w) = 8*w**2 + 415*w - 42. Give f(-52).
10
Let u(s) = s**3 + 30*s**2 - 10*s - 299. What is u(-30)?
1
Let w(o) = o**3 - 45*o**2 + 168*o - 15. Give w(4).
1
Let f(g) = -g**2 - 32*g - 16. What is f(-23)?
191
Let u(x) = 67*x + 1590. Determine u(-24).
-18
Let s(y) = y**3 + 44*y**2 + 1188*y + 49227. Determine s(-43).
-8
Let u(n) = -n**3 + 12*n**2 - 15*n + 83. Calculate u(14).
-519
Let z(u) = u**3 - 39*u + 15. Determine z(5).
-55
Let f(v) = -14*v - 1405. What is f(-42)?
-817
Let b(n) = -13*n + 809. Give b(54).
107
Let f(u) = -112*u + 426. What is f(4)?
-22
Let j(y) = -175*y - 8213. Give j(-47).
12
Let t(a) = 38*a**2 - 80*a + 32. Determine t(2).
24
Let h(v) = 17*v - 537. Determine h(31).
-10
Let o(a) = -a**3 + 50*a**2 + 17*a - 825. Give o(50).
25
Let h(d) = -129*d + 2103. What is h(16)?
39
Let b(l) = l**3 + 29*l**2 - 25*l + 105. Give b(-30).
-45
Let p(r) = -165*r - 1632. What is p(-10)?
18
Let g(q) = -28*q**3 - 100*q - 99. Give g(-1).
29
Let q(h) = 7*h**3 - 2*h**2 - 34*h - 87. What is q(-4)?
-431
Let i(b) = b**3 + 28*b**2 - 198*b - 30. Give i(6).
6
Let x(w) = 2*w - 6. Determine x(-10).
-26
Let r(h) = h**2 + 45*h - 1445. Calculate r(-62).
-391
Let s(u) = u**3 - 31*u**2 + 41*u - 72. What is s(30)?
258
Let n(y) = -2*y**2 + y + 765. Determine n(20).
-15
Let m(b) = -8*b**2 + 36*b - 34. Determine m(1).
-6
Let l(s) = -s**3 + 3*s**2 - 3*s + 233. Calculate l(0).
233
Let x(b) = -5*b**3 - 28*b**2 - 38*b + 1. Give x(-4).
25
Let r(i) = -i**3 + 71*i**2 - 57*i - 865. Give r(70).
45
Let z(m) = -m**2 - 25*m + 402. Determine z(-36).
6
Let k(x) = 433*x + 32466. Calculate k(-75).
-9
Let j(r) = -1040*r - 269361. What is j(-259)?
-1
Let i(x) = x**3 - 5*x**2 - 50*x + 24. What is i(10)?
24
Let a(t) = 620*t - 21699. Calculate a(35).
1
Let u(m) = -5*m - 92. What is u(-30)?
58
Let m(w) = w**3 + 6*w**2 - 2*w - 1. Determine m(-5).
34
Let t(b) = 5*b**2 - 424*b + 337. Give t(84).
1
Let p(o) = 10*o**2 + 75*o - 25. Calculate p(-9).
110
Let o(t) = -2*t**3 + 113*t**2 + 193*t - 13954. Calculate o(56).
-10
Let o(l) = -2*l**2 - 10*l + 9. Determine o(-8).
-39
Let z(o) = 77*o + 2166. Determine z(-29).
-67
Let m(x) = -3*x - 187. Determine m(-20).
-127
Let t(v) = -v**2 - 9*v + 1766. Calculate t(-47).
-20
Let z(b) = -3*b**2 + 36*b + 187. What is z(16)?
-5
Let x(f) = -643*f - 775. Give x(-2).
511
Let b(n) = n**3 + 15*n**2 + 24*n - 19. Determine b(-14).
-159
Let f(a) = 399*a + 3610. Give f(-9).
19
Let i(z) = z**2 + 295*z + 2569. Give i(-9).
-5
Let a(q) = 2*q**3 + q**2 - 2*q - 112. Determine a(0).
-112
Let m(w) = -w**2 - 12*w + 336. What is m(-28)?
-112
Let c(f) = -9*f**2 - 199*f - 199. Determine c(-1).
-9
Let w(i) = -i**3 - 16*i**2 - 21*i - 51. Determine w(-15).
39
Let g(h) = h**2 + 110*h + 2180. Give g(-84).
-4
Let v(s) = 2*s**2 - 5*s - 9. Calculate v(-9).
198
Let k(u) = 54*u**3 + 2645*u**2 - 49*u + 2. What is k(-49)?
2
Let v(x) = -2*x**2 + 109*x + 1065. Give v(63).
-6
Let t(a) = -3*a**3 + 81*a**2 + 43. Determine t(27).
43
Let q(l) = 14*l - 361. Determine q(29).
45
Let c(b) = b**2 + 68*b + 631. Calculate c(-56).
-41
Let r(w) = -w**2 + 950*w - 4746. Give r(5).
-21
Let k(i) = 2*i**3 + 10*i**2 + 91*i + 363. Calculate k(-4).
31
Let i(n) = 3*n**2 - 18*n - 215. Calculate i(12).
1
Let r(t) = 23*t - 80. Give r(3).
-11
Let n(k) = -125*k**2 + 391*k - 777. Determine n(2).
-495
Let b(f) = -f**3 - 141*f**2 + 143*f + 141. What is b(-142)?
-1
Let k(d) = 2155*d + 6464. Calculate k(-3).
-1
Let l(f) = 604*f - 52. What is l(-1)?
-656
Let a(l) = -l**3 - 29*l**2 + 34*l + 206. Calculate a(-30).
86
Let d(i) = 400*i + 99997. Calculate d(-250).
-3
Let w(p) = p**2 - 363*p - 2965. Give w(-8).
3
Let r(c) = -c**2 - 362*c + 7230. What is r(19)?
-9
Let z(l) = 288*l**2 - 38*l - 38. Determine z(-1).
288
Let u(m) = -2*m**3 - 40*m**2 - m - 45. Determine u(-20).
-25
Let x(q) = -q**3 + 97*q**2 - 1970*q - 65. Calculate x(29).
-7
Let v(n) = n**2 + 138*n + 4388. Determine v(-50).
-12
Let p(l) = -l**3 - 36*l**2 - 35*l - 64. Calculate p(-35).
-64
Let n(o) = 110*o + 347. Determine n(-4).
-93
Let j(k) = k**3 - 74*k**2 - 54*k - 1571. Determine j(75).
4
Let t(x) = -525*x + 5767. Determine t(11).
-8
Let n(y) = y**3 - 8*y**2 + y + 13. What is n(3)?
-29
Let n(c) = c**3 - 233*c**2 - 229*c - 1166. Determine n(234).
4
Let y(j) = -134*j + 2016. Give y(15).
6
Let q(k) = 4*k**2 + 199*k - 1323. What is q(6)?
15
Let n(o) = -3*o**2 + 29*o - 79. Calculate n(13).
-209
Let f(y) = -y**3 + 99*y**2 - 557*y + 75. Determine f(93).
168
Let x(q) = 9*q**2 - 13*q - 28. What is x(3)?
14
Let i(w) = w**3 + 5*w**2 - 77*w - 117. Calculate i(-11).
4
Let v(l) = 56*l - 1052. Give v(19).
12
Let l(k) = 109*k + 6346. Give l(-58).
24
Let n(k) = -k**3 - 81*k**2 - 378*k - 30624. Determine n(-81).
-6
Let x(j) = -101*j**2 + 10523*j - 1981. Give x(104).
-5
Let i(u)